+ -16.
-32
What is -1 + 15 + -58 + 11 + 27?
-6
What is the value of -2181 + 2280 - (-1 - (-29 - 3))?
68
Evaluate -192 - -232 - (-7 - -10 - -10).
27
What is 348 - 351 - (2 - (3 - 9 - -20))?
9
Evaluate 0 + 82 - (-104 - -138 - (34 - 6)).
76
(0 - -23) + -2352 + 2352
23
Calculate 16 + (-12 - 40 - -67).
31
Calculate (0 - -137) + (3909 - 4042).
4
-9326 + 9338 - (34 - -2)
-24
Evaluate 600 - 633 - (4 - (-2 + -4)).
-43
(13 - 17) + (-8 - (-10 + -10)) + -88 + 1
-79
-5 + 4 + (7 - 9 - -9) + 6
12
What is (-66 - -119) + 98 + -165?
-14
What is the value of 346 + -178 + -199 - ((0 - -1) + 8)?
-40
Calculate -42 + -9 - (16 - -9) - -3.
-73
Evaluate -21 - (17 - (-214 + 201 - (-2 + 1))).
-50
What is (-6 - 7 - -24 - 20) + -2 - -39?
28
Calculate 3 - 29 - (-7 - -3 - -69).
-91
0 + -20 + -145 + 142 + 12 - 0
-11
What is the value of -33 + -5 + 41 + -8 - (84 - 2)?
-87
1 - (-3 - -6 - 2 - (-3 - -90))
87
What is the value of 32 + (-1000 - -989 - (-1 + 12))?
10
-7 - (-63 - 0 - (-567 + 552))
41
What is the value of (-49 + 67 - -35) + -22?
31
Calculate 225 + -193 - (-23 - -2).
53
What is (39 + -75 - (-11 + -6)) + 78?
59
Evaluate (20 - (-19 - 5 - -37)) + (-6 - (-3 - -86)).
-82
Evaluate -4 - (4 + 37) - (-1211 + 1169).
-3
What is (13 - 5 - 4) + -386 + 331?
-51
What is -16 + 36 - (0 - -4 - 17)?
33
What is (208 + -206 - (1 - 4) - 6) + 43?
42
Calculate -17 + (13 - 11) + -10 + 3 + 80.
58
What is 264 + -157 + -180 + 16?
-57
What is (10 + -54 - ((1 - -1) + -4)) + (7647 - 7638)?
-33
-124 + 182 + (-31 - 64)
-37
43 + (-6 - (-15 - -17)) + 41
76
What is the value of 53 + -2 + (-52 - -79) + 0 + -18?
60
Calculate -61 + -28 + 54 + -50 + -20.
-105
Calculate (-66 - -96) + -4 + 11.
37
What is -12 - 1 - (11 - (58 - 34))?
0
What is -47 + (47 - -37 - 42) + -60?
-65
What is (-6 - 4 - -35) + (-5 - -70)?
90
What is (-19 - (-137 - -62)) + -113?
-57
What is the value of 100006 + -100008 + (2 - ((-88 - -2) + 1 - -1))?
84
Calculate (4 - 5) + 1 + 126 + -86.
40
What is 0 - ((27 - 27) + -20) - (0 - 4 - -9)?
15
What is -16 + -2 - (127 + -71) - -16?
-58
What is 1 + (13 + -3 - (5 - -7)) - 22?
-23
Evaluate 5379 - 5384 - (-20 + 0 + -2).
17
What is -9 - (-21 - (12 + -19)) - 51?
-46
What is the value of -2 + 9 + (10 - (-26 - -44)) + 6?
5
-5 + -76 - 17 - -130
32
Evaluate (-14 - (-48 + 25) - (-2 - -70)) + -4.
-63
(-4 + 2 - (-729 - -689)) + 3
41
Evaluate 29 + (-13 - (-1 + -24)) - (10 - 19).
50
-34 + (62 - 39) - (1 + 4 + -1)
-15
Calculate (-24 - 3 - 0) + (-688 - -715).
0
What is (7 + -140 - (-49 + 28)) + -14?
-126
(0 - 5) + (-1 + -20 - (-3 - -24)) - 9
-56
What is the value of 1134 + -1098 + (-1 - -63) - 8?
90
69 + 10 + -32 + -18
29
Calculate 25 + (-36 - (-64 + 15)).
38
What is -5 + -45 + (-690 - -765)?
25
What is (-52 - -142 - -1) + -108?
-17
What is (50 - 2) + (-57 - -31)?
22
What is (-3 - -1) + (3 - (-23 - -50)) + -5?
-31
Calculate ((0 - 2) + 9 - (1118 + -1110)) + (-1 - -36).
34
Evaluate -102 + (-28 - 72 - -132).
-70
58 - (48 + -55) - 21
44
Calculate -109 + 96 + (-23 - -29).
-7
Calculate 4 - 7 - -26 - (13 + 5 + -31).
36
Calculate -58 + 16 + (46 + -62 - -18).
-40
-179 + 115 - (-144 - -33)
47
-59 + (87 - 37 - 56)
-65
What is the value of -19 + 92 + (-28 - -26) + 24?
95
Calculate (0 - -10) + (27 + -41 + 21 - 40).
-23
What is the value of (20 - 24) + 10 + -1 + -11 + 0 + -37?
-43
What is 18 - (14 + (-16 - (11 - -7)) + -15)?
53
What is the value of 3 - (5 - 16) - (2 - -6)?
6
What is (-12 - (0 - 3 - -3)) + 1 + -73 + 75?
-9
-3 - ((-13 - 0) + (904 - 835))
-59
Evaluate 16 + (26 - (10 - -11)) + 79 + (2 - 2).
100
-104 + 24 + (77 - 24)
-27
-15 + -3 + 6 + 22 + -17 - -1
-6
Evaluate (-40 - -108 - 52) + 4 + -11 - (-1 + 30).
-20
2 - 4 - (11 + -97 + 61)
23
Calculate -22 + (16 - 41) + 40 + 89.
82
Calculate (2 - (53 + -2) - -18) + 20 - (2 + -6).
-7
Calculate (-45 + -1 - -2) + (-33 - (3 + -36)).
-44
Calculate (94 - 240) + 209 + (5 - 1).
67
What is -302 + (117 - -143) + (3 - 1)?
-40
What is (-37 - 2) + 3090 + -3014?
37
What is -133 + (12 - ((3 - 6) + 3)) + (452 - 451)?
-120
Evaluate 80 - (-7 - 0) - (-86 + 107).
66
What is the value of 15 + -67 + -3 + (-23 - -9)?
-69
What is 1 + 18 + 4 + 14 + 22 + -51 + -3?
5
25 - 32 - (40 - 101)
54
Evaluate 133 + (32 - (0 - -18)) - 25.
122
What is the value of (-84 - 13) + 169 + -83?
-11
What is the value of (-260 - -261) + (1 - (5 - (3 - 4)))?
-4
Calculate -6 + (-4 + (-18 - -28) - -18) - -42.
60
Calculate -20 + -2 + 15 + 26 - (8 - 65).
76
What is 55 + -46 + (12 + -18 - -20)?
23
Evaluate -102 + -4 + (-2 - 4 - -5) + (-60 - -60).
-107
Evaluate -46 - (-4 + 5 + -14).
-33
Calculate 0 - ((-19 - (8 + -32)) + -11 + 0).
6
What is the value of 45 + 10 + -48 - -5?
12
What is the value of (1 - (21 - 0)) + (-1246 - -1250)?
-16
Calculate (71 - 0) + -10 - 63.
-2
36 + 0 - (-14 + 0 + -1 + 5 + 19)
27
Evaluate (4 - (4 - -8) - -3) + -1252 + 1180.
-77
Calculate (2 - 16) + (-1895 - -1889).
-20
Evaluate -80 - (-25 - 5 - 8).
-42
Calculate -132 + 109 + -4 + -1 - -11 - -100.
83
What is the value of (3 - -22) + 10 + -7 - 53?
-25
19 - (-63 - -8) - 37
37
Evaluate 3305 - 3370 - (-42 + -1).
-22
Evaluate -9 - (-11 + (35 - 17 - -22)).
-38
What is the value of (2 - -3 - (9 + -11 - -1)) + (36 - 17)?
25
(-11 + 0 + -54 - -14) + 7
-44
79 - (-38 - (80 + -204))
-7
Calculate -7 + -2 - (-22 - (-87 + 40)).
-34
Evaluate 6 + -124 + (-84 - -132).
-70
Calculate 10 + (-6 - -15) + -67.
-48
Evaluate -73 - 0 - (-4178 + 4169).
-64
What is the value of (-6 - 5) + (-26 - (9 - 25 - -9))?
-30
-9 - (-33 + -10 + (25 - -1))
8
What is the value of 52 + -169 + 63 + 30?
-24
130 + -261 + 128 - (0 - -17)
-20
What is the value of (8 - 0) + -7 + -2 - ((13 - 77) + 4)?
59
Calculate 85 - (-3 + (36 - 8 - 9) - 8).
77
What is the value of (0 - -50) + 4210 + -4257?
3
Calculate -6 + (-1 + 2 - -46) - 0 - (9 - 10).
42
What is the value of (1 - -1 - -13) + (-96 + -80 - -120)?
-41
What is the value of 556 - 551 - (61 - 1 - -2)?
-57
What is ((18 - 8 - -8) + -34 - -30) + 71?
85
What is -4 + 30 - (-242 - -226)?
42
What is 18 + -21 - -8 - (-4 - (4 + (69 - -2)))?
84
What is the value of (-1 + 11 + -14 - 15) + 9 - 26?
-36
What is 51 + (-41 - -46) - 45?
11
Calculate -114 - (145 + -38 + -126).
-95
What is (-16 - 33 - -7) + (25 - 42 - (2 + -5))?
-56
What is (16 - 1) + (85 - (-20 - (-15 - 39)))?
66
Calculate 21 - 19 - (10 + -10) - -60 - (-2 - 6).
70
Calculate 35 - (-1 + 24 - (-381 + 395)) - -14.
40
Evaluate -14 + 27 + -57 + 69.
25
Calculate ((-15 - -19) + 14 - (74 - 13)) + -1 + 5.
-39
What is (-13 + -17 + 22 - -26) + -18?
0
What is the value of 87 + (52 + (-109 - -55) - (0 + -7))?
92
What is 2709 + -2785 - (0 + 1 + (-4 - -3))?
-76
5 - (8 + 0 - (3 - -5))
5
What is the value of -1050 + 1110 + 0 + 21?
81
What is 7 - 0 - (25 + 0 - (782 - 763))?
1
Evaluate 24 + -16 + 2 + (-180 - -201).
31
Evaluate (17 - (-14 + (14 - -7))) + (-13 - -19).
16
What is the value of -39 + -16 + 19 + 22 + 1?
-13
What is (-110 - -87 - -60) + 61?
98
What is the value of 95 + (60 + 47 - 123)?
79
Calculate -684 - -658 - (7 - (-2 - -47)).
12
-182 + 167 + (5 - -4) + 2
-4
Evaluate (-103 + 44 - -21) + 80.
42
What is the value of 15 + -27 + -71 + 42?
-41
Evaluate 4 + 1 - (-19 - (-24 + (74 - 53))).
21
Evaluate (15 - 17) + (44 - -2 - -3) + (-98 - -101).
50
What is the value of (-45 - -87) + -150 + (13 - (-2 + 2))?
-95
What is 8 + -11 + 12 + -16 + 31?
24
Evaluate (0 - -9 - ((6 - -12) + -5 - 9)) + -8.
-3
What is the value of (-11 - (17 - 23)) + -1 + -3 + -1 - -6?
-4
What is the value of 20 + -8 - -6 - (4 - -17)?
-3
What is 7 + -1 + -49 + 42 + (211 - 195)?
15
What is the value of -7 + -1 + (34 - 36) + 0?
-10
What is the value of (-16 - -1) + (-10 - -22 - 2) - -16 - 74?
-63
What is the value of -33 - (-36 - (-57 + 29 - 1))?
-26
Evaluate (-12 - -5) + -4 + -1 + -2 - 13.
-27
(3 - ((1 - -6) + 2)) + (32 - (-9 - -16))
19
What is (39 - 71) + 36 + -105 + -3 + (-1 - -3)?
-102
What is the value of 23 + (-12 - (12 + 28))?
-29
17 + (-49 - -88 - 10)
46
Evaluate 24 + 1 - (-76 + 38 - -43).
20
What is (39 - 33 - 3) + 1 + 3 - -14?
21
What is the value of -68 + 32 + 79 + -114?
-71
Evaluate 138 - 77 - 60 - -1 - (110 - (1 - 1)).
-108
Evaluate -4 + 4 + (37 - (-21 + 77)) - (-5 - 1).
-13
(-38 - (14 + (-27 - 11))) + -67
-81
Evaluate 39 - ((-43 - 29) + 94).
17
What is the value of (13 - 40) + 34 + -34 - 18?
-45
What is 21 + (191 - 139) + (-2 - (3 - (3 - 1)))